 (65 + 7 - (23 - 24))) + (-1 - -10)?
-50
Evaluate (-40007 - -39885) + 2 + (29 - -1).
-90
What is the value of -13 + 0 + 1 + 48 + -146 + 107?
-3
What is (22 - 14) + -5 - -5 - 37?
-29
What is the value of -16 + 96 + -87 + 101?
94
What is 7 + (-41 - (-111 + 21)) + -21?
35
What is the value of -102 + (2 - 1) + (12 + -19 - -59 - 54)?
-103
-6 - -30 - ((8 - 8) + (-99 - 3))
126
(49 + 8 - 10) + -62
-15
-93 - (198 + -143) - -62
-86
(-10 - 30 - -32) + 14 + 1 + -109
-102
Calculate (-4 + -75 - 3) + (4 - -32 - 24).
-70
13 + -6 + (12 - 3) - 52
-36
Calculate -42 + 23 + (8 - -8) - -4.
1
What is the value of 3990 - 3964 - (-1 - -40)?
-13
What is (2 - (7 - -42)) + 12?
-35
What is -4 + 6 + 12 + -8 + (58 - 5)?
59
What is 2 + 115 + (-82 - (-73 - 1))?
109
What is -42 - ((55 - -141) + -209 + -2 + (0 - -18))?
-45
Evaluate -1 + -30 - (-393 + 304).
58
What is the value of 17 - (7 - (0 + (17 - 9) + -9 + -2))?
7
What is the value of 253 - 247 - (4 + 67)?
-65
Evaluate 0 + -1 + (174 - 179) - -41 - 10.
25
What is -50 + 121 + 109 + -232?
-52
(37 - (-17 + -26)) + -51
29
Calculate 110 + 3 - ((-30 - -29) + (28 - 15)).
101
What is (-5 - 5 - ((17 - 6) + (7 - 67))) + 1?
40
Calculate (808 - 747) + -64 + 0.
-3
What is the value of 984 + -989 + (5 - -23) + -1?
22
-52 + (36 - 0) + -1 + -45
-62
7 - (51 + (5 - 18) - (-4 + 1 + -1))
-35
What is -75 + -19 - -114 - -87?
107
What is the value of (37 - 22) + -28 - (6 + 47)?
-66
What is the value of 36 + (-121 - -30 - 60)?
-115
Evaluate -16 + (58 - 11) + -7.
24
(18 - 40) + 3 + 9 + (2 - -68 - 0)
60
63 - ((-15 - -8 - (-8 - (1 - 1))) + -1)
63
-5 - 4 - (0 - 0) - (-55 + 60)
-14
What is 4 - (-6 + 7) - (-12 + -5)?
20
What is (3 - (2 - -28)) + (63 - (54 + 7))?
-25
What is -20 - (-160 + 190 + 5 + 4)?
-59
Calculate -229 + 187 - (-27 - 53).
38
5 - ((-6 - -13) + (-10 - 5) + 7)
6
What is (-1 + 0 - 13) + (214 - 55 - 115)?
30
What is the value of (-52537 - -52486) + (3 - 2 - 36)?
-86
What is the value of -43 + -2 - (-29 + 5 + 14 + 20)?
-55
Calculate 21 + (-9 - (86 - 37)) - (-1 - -10).
-46
Evaluate -103 + (45 - 139 - -101).
-96
(0 - (-11 - -3)) + -9 + -13 + -5
-19
What is (-1 - (-6 + 19 + (1 - -4 - 14))) + 15?
10
What is the value of (0 - 0 - 4) + (43 - (5 - (7 - 3)))?
38
What is the value of (-2 - 22) + (-773 - -788)?
-9
Evaluate 128 - (-20 + 273) - -197.
72
Evaluate (-45 - (64 + -124)) + (3 + -1 - 50).
-33
What is the value of (12 - (-1 - -34)) + 9 + -2?
-14
Evaluate -33 + 18 - (-127 + (14 - -2)).
96
Calculate -13 + (18 - -6 - 27 - (2 + 37)).
-55
What is the value of -3 - -79 - (567 - 565)?
74
What is -144 + 72 + 21 + 13?
-38
Evaluate 14 + (33 - (8 - -2) - (-6 + 16)).
27
What is (2 - -13 - (-2 + 5)) + -420 + 447?
39
Calculate 501 + -404 - (-13 - -40).
70
What is -51 - ((-32 - -19) + 12) - 9?
-59
Evaluate (-18 + 24 - (30 - 26)) + (44 - -2).
48
1 - (1 - 0) - (6 + 34 - (96 - 6))
50
What is the value of (3 + -1 - -9) + (330 - 332) + -24?
-15
Calculate -15 - ((-21 - -44) + -25 - 2).
-11
Calculate 7 + -9 - (3 - -3) - (45 + 13 + -25).
-41
-12 + (-70 - (-60 - -29))
-51
What is -6 + 8 + (28 + -10 - (-10 + -36))?
66
Evaluate 23 + -16 + 24 + -21 - (-1 - -3).
8
What is the value of 120 + -159 + -2 + 20 + -2?
-23
What is 15 - (-17 - (-15 + 12) - -94)?
-65
Calculate 2 + (2 - -1) - (128 + (90 - 188)).
-25
What is the value of (14 - (8 - (3 + 0))) + 1 + (620 - 666)?
-36
-13 + (7 - -2) + -3 + 409 + -445
-43
49 + (-16 - ((-20 - (-30 - -18)) + 4))
37
What is (-17 + 0 - -8) + (-4 - -4) + (1 - -76)?
68
Evaluate 1 - -16 - ((82 - 22) + -63).
20
(164 - 352) + 170 + (-2 - 21)
-41
Calculate -7 + (-46 - -66 - (-6 + 0 + 1)).
18
Evaluate -6 - 0 - ((12 - (5 + 1) - 23) + 54).
-43
What is -5 + -48 - -29 - -48 - (-3 - -2)?
25
Calculate 30 + -55 - (11 - 14).
-22
Calculate 41 + 467 + -454 + -20 + 1.
35
15 + (17 + -23 + -5 + 4 - -2 - -8)
18
Evaluate 1 - -6 - (-107 - -89) - -19.
44
What is 2 - -14 - (-10 - -3 - 8 - -91)?
-60
Evaluate -4 + 8 + -3 + -13 + 64.
52
Evaluate -11 - (10 - (11 - (-16 + 6))) - -41.
41
Calculate (3310 - 3327) + (-1 - -1 - (-60 - 1)).
44
What is the value of 57 - 39 - (-5 + 33) - 30?
-40
-30 + 4 + 17 - (-15 - 78)
84
Evaluate 80 + -70 + 14 + -42.
-18
What is (-15 - -5) + 7 + (17 - 13) + -9 + -56?
-64
Evaluate -5 - ((48 - 14) + -5 + -2).
-32
Evaluate 69 + -9 + 20 + -45.
35
Calculate 6 + -20 + -3 - (107 - 77).
-47
What is 56 + 1 + -102 + -117 + 192?
30
Evaluate 91 - 81 - (8 + 21).
-19
(4 + 0 - 23) + -131 + 103
-47
Evaluate -6 - (-94 - (0 + -31)).
57
(46 - 20 - 5 - 1) + 18
38
What is the value of 115 + (6 - ((24 - 22) + (5 - 19) + 5))?
128
Evaluate (-7 - 0) + (2 - 3) - (-145821 + 145837).
-24
What is -52 - (13 - 11) - -6?
-48
Evaluate -80 + -7 + 51 - -111.
75
What is -1 + 43 + (3109 - 3021)?
130
What is the value of (-1042 - -1058) + 0 + (-1 + 1 - -8)?
24
-107 - (-3 + -21 - 8 - (20 - 34))
-89
-26 + -3 + 12 + 37 - 10 - 35
-25
What is the value of -23 - -11 - (8 + 1) - -21?
0
Calculate -5 + (-24 - (-60 + 31) - (0 - 69) - 6).
63
(-1 - 2) + 52 + -52 + -24 + 114 + 0
87
What is the value of -39 + 28 + -15 - -34?
8
(-1 - (42 + -37 - (41 - 0))) + 9 + -13
31
Evaluate 3 + -13 + 51 + -6 + 5.
40
-6 - (22 - 66) - 18
20
Calculate (-6 - 80 - -117) + (2 - (0 + 6)).
27
13 + -4 + 3 - (72 + -53 + -14)
7
What is the value of -9 + (16 + -19 + -1 + 7 - (2 + -144))?
136
What is -2 + 62 + -523 + 508 + (-6 - 12)?
27
What is 2 - ((0 - (-1 - -120)) + (18 - (28 + -21)))?
110
What is -45 - -17 - (115 - 109)?
-34
(-124 - 0) + 6 + 26 + (-44 - -30)
-106
Calculate -18 - (-61 - -22) - (-12 + 44).
-11
What is -45 + 67 + -11 + 0 + 4 + 8?
23
What is the value of -851 + 790 - (-7 - (-5 + 12 + -3))?
-50
Evaluate 1 + (-64 - -2) + (-25 - -52).
-34
What is the value of 27 - (13 - (-2 - (-13 - (7 + -12 - 5))))?
15
What is the value of -48 + -31 + 87 + -70?
-62
What is the value of 3 + 1 - 0 - (-108 + 100 + 37)?
-25
(118 - (60 + -9)) + -50
17
Evaluate -12 + (-17 + 3 - (-66 + 48) - (14 + 1)).
-23
(31 - -17 - 56) + -20
-28
Calculate -1 + (2 - -1 - (81 + -34 + -39)).
-6
What is -135 + 6 + 45 + (1 - (0 - 6))?
-77
Calculate 38 - (64 - (-24 - -43)).
-7
What is (4 - (-2 - 4)) + -24 + 1 + 40?
27
What is (3 - 25) + (-22 - (87 + -146))?
15
What is the value of (1 - (9 + 120)) + 10 + -175 + 151?
-142
Evaluate 22 + 1 + -15 + -3 - -8 - 76.
-63
What is the value of (0 - 4 - -4 - 5) + (-5 - -24) - -10?
24
What is the value of -40 + (23 - (19 + -44 + 44))?
-36
9 - (2 + -3 + 104 + 35 + (-67 - -31))
-93
What is (14 - -38) + -37 - (5 + 1) - 18 - -28?
19
-119 + 68 + -29 - 12
-92
-10 + (92 - 77) + 16 + 0
21
Evaluate 18 + -54 + 51 + (-4 - 88).
-77
Evaluate -4 + (13 - (-1 + (11 + -9 - -1))).
7
83 - (262 + -263 + (3 - 5) + 0)
86
What is 0 - ((-17 - 12 - -3) + 17) - (-3 - 113)?
125
Evaluate (-4 - 84) + 1983 + -1884.
11
Calculate (-36 - -20 - -5 - 2) + 14.
1
Calculate 16 + (15 - 15) - 19 - -4.
1
Evaluate (-396 - -414 - (25 + -2)) + 8.
3
What is the value of (281 - 217) + 5 + -139?
-70
What is the value of (-13 + -43 - -12) + -11 + 10 + 2?
-43
Calculate (20 - 54 - -183) + 0 + -36.
113
(-12 - -81) + (79 - 114)
34
What is 61 - (-188 - -246) - (-1 + 15)?
-11
What is the value of 36 + (111 - 57) + -97?
-7
What is 17 + (14 - (81 + -22)) + 13?
-15
Calculate (11 - (4 + 0 + 2)) + (9 - 5) + 63.
72
(-1 - 8 - (-16 - (24 - 17))) + -56
-42
-25 + -1 + 22 - 0
-4
Evaluate -27 + (99 - 204) + 59.
-73
-19 - -8 - (-10 + 15 + 59 + 3)
-78
Evaluate (-1 - -8 - ((27 - 41) + 36)) + -4.
-19
Evaluate 11 + -2 - (17 - ((4 - 25) + 4)).
-25
Calculate 12 - (20 + (-26 - -12 - 8)).
14
What is -53 - (-34 + 55 + -81)?
7
What is the value of (1 - 6 - ((18 - -10) + -12)) + 5 + 2?
-14
-73 - (59 - (30 + 13 + -7))
-96
What is 142 + (77 - 63) - 70?
86
Calculate 65 + (-97 + 99 - (21 - 1)).
47
What is -23 + (-6 - (-1 - 44)) - 40?
-24
Evaluate -46 - (-92 + 42) - (-2 - -1 - -47).
-42
10 + 21 + -57 + 162 + -3
133
-17 - (33 + 24 + -57 + -70)
53
Calculate (-115 - (-16 + -87)) + (0 - 64).
-76
Calculate (-9472 - -9387) + 82 + 1 - (5 - 0).
-7
(6 + 2 - -5) + -3 + 15 - 4
21
Evaluate 43 - (-21 - -45) - -41.
60
Calculate -218 + 163 - (-27 - (2 + -3)).
-29
What is -1651 + 1618 - (0 + -59) - -14?
40
What is the value of -4 - 41 - (24 + -54 - -6)?
-21
What is -1 + (0 - 3 - 2) - (-172 - (-106 - -49))?
109
Calculate 15 + (-47 - -85) + -96.
-43
Evaluate -66 - (-34 + (18 + -29 - -23)).
-44
Calculate -100